ist the prime factors of 1510559.
79, 19121
List the prime factors of 278740.
2, 5, 7, 11, 181
What are the prime factors of 5413699?
5413699
List the prime factors of 16147189.
1453, 11113
What are the prime factors of 30751537?
30751537
What are the prime factors of 589372?
2, 7, 31, 97
List the prime factors of 1889631.
3, 209959
What are the prime factors of 69756?
2, 3, 5813
What are the prime factors of 3916895?
5, 783379
List the prime factors of 1063182.
2, 3, 79, 2243
List the prime factors of 2227496.
2, 278437
What are the prime factors of 54337?
67, 811
What are the prime factors of 6303?
3, 11, 191
List the prime factors of 128475.
3, 5, 571
List the prime factors of 5573.
5573
List the prime factors of 3040389.
3, 11, 29, 353
List the prime factors of 5282829.
3, 586981
What are the prime factors of 98293?
13, 7561
What are the prime factors of 1751514?
2, 3, 67, 4357
What are the prime factors of 781743?
3, 260581
List the prime factors of 114463.
29, 3947
What are the prime factors of 330559?
61, 5419
What are the prime factors of 834467?
137, 6091
List the prime factors of 9932159.
23, 431833
What are the prime factors of 13365250?
2, 5, 193, 277
What are the prime factors of 57859?
57859
List the prime factors of 9439213.
7, 192637
What are the prime factors of 323253?
3, 7, 733
List the prime factors of 3904906.
2, 37, 52769
List the prime factors of 500537.
271, 1847
List the prime factors of 4362439.
1823, 2393
What are the prime factors of 2598973?
13, 199921
List the prime factors of 140244.
2, 3, 13, 29, 31
What are the prime factors of 3192761?
11, 13, 83, 269
List the prime factors of 197390.
2, 5, 19739
List the prime factors of 126175.
5, 7, 103
List the prime factors of 184992.
2, 3, 41, 47
List the prime factors of 393217.
11, 35747
List the prime factors of 29613644.
2, 41, 53, 3407
List the prime factors of 130314.
2, 3, 37, 587
What are the prime factors of 330890?
2, 5, 7, 29, 163
What are the prime factors of 162742?
2, 81371
List the prime factors of 426443.
23, 18541
List the prime factors of 5406396.
2, 3, 450533
List the prime factors of 111025.
5, 4441
What are the prime factors of 111756?
2, 3, 67, 139
What are the prime factors of 10823986?
2, 5411993
What are the prime factors of 34995491?
34995491
What are the prime factors of 231313?
227, 1019
List the prime factors of 420133.
7, 47, 1277
What are the prime factors of 290504?
2, 36313
List the prime factors of 2440008.
2, 3, 33889
What are the prime factors of 189019?
189019
What are the prime factors of 938220?
2, 3, 5, 19, 823
List the prime factors of 216296.
2, 19, 1423
What are the prime factors of 1408889?
1408889
List the prime factors of 210145.
5, 13, 53, 61
List the prime factors of 4159052.
2, 1039763
List the prime factors of 350839.
79, 4441
List the prime factors of 513693.
3, 57077
List the prime factors of 6933156.
2, 3, 83, 6961
What are the prime factors of 3339700?
2, 5, 7, 13, 367
What are the prime factors of 1837989?
3, 17, 41, 293
What are the prime factors of 20300965?
5, 719, 5647
What are the prime factors of 636690?
2, 3, 5, 19, 1117
What are the prime factors of 10021998?
2, 3, 7, 47, 5077
List the prime factors of 3080754.
2, 3, 2113
What are the prime factors of 1932620?
2, 5, 71, 1361
What are the prime factors of 20490024?
2, 3, 919, 929
List the prime factors of 228351.
3, 103, 739
What are the prime factors of 94103?
139, 677
What are the prime factors of 546642?
2, 3, 53, 191
What are the prime factors of 186211?
186211
What are the prime factors of 3490663?
11, 317333
What are the prime factors of 2025706?
2, 59, 17167
What are the prime factors of 5510906?
2, 1093, 2521
List the prime factors of 90442.
2, 11, 4111
What are the prime factors of 6727341?
3, 31, 72337
What are the prime factors of 6206381?
2243, 2767
List the prime factors of 18434157.
3, 7, 877817
List the prime factors of 22451743.
22451743
What are the prime factors of 280624?
2, 17539
What are the prime factors of 8230294?
2, 4115147
List the prime factors of 260253.
3, 7, 17
List the prime factors of 1632649.
1632649
What are the prime factors of 10900012?
2, 2725003
List the prime factors of 85121.
85121
List the prime factors of 4604695.
5, 227, 4057
List the prime factors of 78451.
19, 4129
List the prime factors of 770403.
3, 256801
What are the prime factors of 205934?
2, 102967
What are the prime factors of 4305559?
31, 138889
List the prime factors of 260193.
3, 43, 2017
List the prime factors of 561605.
5, 11, 10211
List the prime factors of 5320051.
11, 83, 5827
What are the prime factors of 3203904?
2, 3, 11, 37, 41
What are the prime factors of 117155?
5, 23431
What are the prime factors of 410807?
410807
What are the prime factors of 219322?
2, 109661
List the prime factors of 101298.
2, 3, 16883
List the prime factors of 2446899.
3, 7, 13, 8963
What are the prime factors of 4450324?
2, 1112581
List the prime factors of 806965.
5, 251, 643
List the prime factors of 1634675.
5, 7, 9341
What are the prime factors of 598060?
2, 5, 17, 1759
List the prime factors of 5588228.
2, 1397057
What are the prime factors of 663320?
2, 5, 7, 23, 103
What are the prime factors of 16739761?
16739761
What are the prime factors of 634922?
2, 523, 607
What are the prime factors of 940106?
2, 31, 59, 257
What are the prime factors of 247980?
2, 3, 5, 4133
What are the prime factors of 6155884?
2, 7, 109, 2017
List the prime factors of 4457773.
109, 40897
What are the prime factors of 2653454?
2, 1326727
List the prime factors of 3404489.
11, 127, 2437
What are the prime factors of 7184888?
2, 19, 47269
What are the prime factors of 467419?
19, 73, 337
What are the prime factors of 4253989?
587, 7247
What are the prime factors of 662152?
2, 37, 2237
What are the prime factors of 4635047?
4635047
List the prime factors of 12780.
2, 3, 5, 71
What are the prime factors of 14872296?
2, 3, 157, 3947
List the prime factors of 1155966.
2, 3, 7, 17, 1619
List the prime factors of 217752.
2, 3, 43, 211
List the prime factors of 5251857.
3, 13, 311, 433
What are the prime factors of 1362181?
1362181
List the prime factors of 2228452.
2, 61, 9133
List the prime factors of 2004163.
7, 191, 1499
List the prime factors of 255687.
3, 85229
List the prime factors of 542935.
5, 108587
What are the prime factors of 565381?
565381
What are the prime factors of 108673?
109, 997
What are the prime factors of 147208?
2, 18401
What are the prime factors of 5692985?
5, 43, 26479
What are the prime factors of 8927?
79, 113
List the prime factors of 214553.
41, 5233
What are the prime factors of 293000?
2, 5, 293
List the prime factors of 864475.
5, 151, 229
What are the prime factors of 446669?
223, 2003
List the prime factors of 157127.
157127
List the prime factors of 273282.
2, 3, 37, 1231
List the prime factors of 13942776.
2, 3, 569, 1021
List the prime factors of 1216388.
2, 41, 7417
List the prime factors of 5587878.
2, 3, 931313
List the prime factors of 7427241.
3, 275083
List the prime factors of 603132.
2, 3, 50261
List the prime factors of 109914.
2, 3, 7, 2617
What are the prime factors of 3181519?
11, 37, 7817
List the prime factors of 429886.
2, 214943
What are the prime factors of 863335?
5, 11, 1427
List the prime factors of 160979.
7, 13, 29, 61
List the prime factors of 307221.
3, 102407
What are the prime factors of 187586?
2, 7, 13399
List the prime factors of 1222598.
2, 13, 59, 797
List the prime factors of 8923458.
2, 3, 131, 11353
What are the prime factors of 1693095?
3, 5, 41, 2753
What are the prime factors of 8079945?
3, 5, 193, 2791
What are the prime factors of 31389677?
11, 89, 32063
List the prime factors of 301618.
2, 239, 631
What are the prime factors of 1011455?
5, 202291
What are the prime factors of 39271369?
359, 109391
What are the prime factors of 782287?
11, 19, 197
What are the prime factors of 20805859?
83, 250673
List the prime factors of 1907055.
3, 5, 42379
What are the prime factors of 141953?
7, 2897
What are the prime factors of 2599411?
103, 25237
List the prime factors of 210134.
2, 29, 3623
List the prime factors of 816227.
816227
What are the prime factors of 10599166?
2, 127, 41729
List the prime factors of 17914890.
